is the units digit of 68?
8
What is the ten thousands digit of 19056?
1
What is the tens digit of 936?
3
What is the hundreds digit of 23601?
6
What is the units digit of 4144?
4
What is the tens digit of 503?
0
What is the units digit of 6447?
7
What is the tens digit of 3163?
6
What is the hundreds digit of 62171?
1
What is the units digit of 12723?
3
What is the tens digit of 1152?
5
What is the tens digit of 1579?
7
What is the ten thousands digit of 12115?
1
What is the units digit of 6845?
5
What is the hundreds digit of 2538?
5
What is the tens digit of 974?
7
What is the thousands digit of 117325?
7
What is the tens digit of 2968?
6
What is the thousands digit of 10801?
0
What is the units digit of 1322?
2
What is the thousands digit of 18728?
8
What is the hundreds digit of 1593?
5
What is the hundreds digit of 10350?
3
What is the units digit of 17309?
9
What is the ten thousands digit of 22907?
2
What is the units digit of 84900?
0
What is the tens digit of 416?
1
What is the tens digit of 6452?
5
What is the hundreds digit of 470?
4
What is the hundreds digit of 190?
1
What is the ten thousands digit of 36871?
3
What is the hundreds digit of 701?
7
What is the units digit of 2191?
1
What is the units digit of 126844?
4
What is the units digit of 101?
1
What is the hundreds digit of 435?
4
What is the hundred thousands digit of 108964?
1
What is the hundreds digit of 56933?
9
What is the thousands digit of 1578?
1
What is the thousands digit of 11960?
1
What is the thousands digit of 1237?
1
What is the tens digit of 15082?
8
What is the hundreds digit of 291?
2
What is the hundreds digit of 5593?
5
What is the ten thousands digit of 17438?
1
What is the hundreds digit of 3742?
7
What is the thousands digit of 1126?
1
What is the tens digit of 1885?
8
What is the hundreds digit of 430?
4
What is the thousands digit of 1283?
1
What is the units digit of 1509?
9
What is the tens digit of 12438?
3
What is the hundred thousands digit of 100456?
1
What is the thousands digit of 5262?
5
What is the hundreds digit of 28352?
3
What is the tens digit of 3384?
8
What is the tens digit of 2190?
9
What is the hundreds digit of 3011?
0
What is the hundreds digit of 201?
2
What is the hundreds digit of 2469?
4
What is the ten thousands digit of 12795?
1
What is the tens digit of 1590?
9
What is the thousands digit of 1123?
1
What is the units digit of 248?
8
What is the hundred thousands digit of 141098?
1
What is the thousands digit of 2381?
2
What is the hundreds digit of 921?
9
What is the hundreds digit of 35294?
2
What is the units digit of 379?
9
What is the tens digit of 21506?
0
What is the hundreds digit of 648?
6
What is the thousands digit of 4324?
4
What is the thousands digit of 1243?
1
What is the units digit of 8498?
8
What is the tens digit of 464?
6
What is the hundreds digit of 378?
3
What is the units digit of 1444?
4
What is the hundreds digit of 3996?
9
What is the units digit of 9396?
6
What is the ten thousands digit of 11082?
1
What is the ten thousands digit of 19389?
1
What is the thousands digit of 24514?
4
What is the ten thousands digit of 13484?
1
What is the tens digit of 7476?
7
What is the hundreds digit of 31686?
6
What is the units digit of 1723?
3
What is the units digit of 5191?
1
What is the units digit of 1274?
4
What is the units digit of 157209?
9
What is the hundreds digit of 12201?
2
What is the tens digit of 4795?
9
What is the units digit of 1588?
8
What is the hundreds digit of 12634?
6
What is the units digit of 2129?
9
What is the tens digit of 576?
7
What is the thousands digit of 62081?
2
What is the thousands digit of 10266?
0
What is the units digit of 18730?
0
What is the units digit of 40363?
3
What is the units digit of 3309?
9
What is the thousands digit of 10271?
0
What is the tens digit of 12061?
6
What is the units digit of 11146?
6
What is the tens digit of 496?
9
What is the thousands digit of 180782?
0
What is the units digit of 63?
3
What is the tens digit of 518?
1
What is the tens digit of 6194?
9
What is the hundreds digit of 30530?
5
What is the tens digit of 8418?
1
What is the thousands digit of 9542?
9
What is the tens digit of 1225?
2
What is the hundreds digit of 11434?
4
What is the thousands digit of 46024?
6
What is the hundreds digit of 6643?
6
What is the tens digit of 3008?
0
What is the tens digit of 63992?
9
What is the tens digit of 70432?
3
What is the thousands digit of 6905?
6
What is the hundreds digit of 3376?
3
What is the tens digit of 30682?
8
What is the hundreds digit of 10702?
7
What is the hundreds digit of 39149?
1
What is the hundreds digit of 1574?
5
What is the hundreds digit of 884?
8
What is the units digit of 105212?
2
What is the ten thousands digit of 65362?
6
What is the tens digit of 92317?
1
What is the tens digit of 20946?
4
What is the units digit of 902?
2
What is the ten thousands digit of 22997?
2
What is the hundreds digit of 45707?
7
What is the tens digit of 557?
5
What is the thousands digit of 20397?
0
What is the hundreds digit of 1189?
1
What is the units digit of 66344?
4
What is the hundreds digit of 2034?
0
What is the units digit of 2944?
4
What is the hundreds digit of 8821?
8
What is the units digit of 2022?
2
What is the tens digit of 49648?
4
What is the tens digit of 9978?
7
What is the hundreds digit of 3152?
1
What is the ten thousands digit of 21456?
2
What is the hundreds digit of 87453?
4
What is the hundreds digit of 897?
8
What is the hundreds digit of 8200?
2
What is the hundred thousands digit of 123417?
1
What is the units digit of 3410?
0
What is the units digit of 15184?
4
What is the tens digit of 331?
3
What is the units digit of 678?
8
What is the hundreds digit of 323?
3
What is the tens digit of 723?
2
What is the units digit of 12134?
4
What is the tens digit of 18143?
4
What is the units digit of 856?
6
What is the units digit of 42144?
4
What is the hundreds digit of 296?
2
What is the ten thousands digit of 63882?
6
What is the units digit of 910?
0
What is the ten thousands digit of 24442?
2
What is the units digit of 12150?
0
What is the units digit of 8965?
5
What is the tens digit of 1011?
1
What is the hundreds digit of 1486?
4
What is the tens digit of 8328?
2
What is the thousands digit of 4788?
4
What is the units digit of 9766?
6
What is the units digit of 9406?
6
What is the units digit of 11457?
7
What is the hundreds digit of 2430?
4
What is the tens digit of 2462?
6
What is the hundreds digit of 3468?
4
What is the hundreds digit of 5693?
6
What is the tens digit of 22986?
8
What is the tens digit of 124713?
1
What is the tens digit of 9208?
0
What is the tens digit of 7794?
9
What is the thousands digit of 30210?
0
What is the tens digit of 2011?
1
What is the tens digit of 3122?
2
What is the tens digit of 90672?
7
What is the thousands digit of 2659?
2
What is the thousands digit of 4787?
4
What is the ten thousands digit of 17826?
1
What is the units digit of 4?
4
What is the hundreds digit of 165881?
8
What is the hundreds digit of 1455?
4
What is the tens digit of 13173?
7
What is the thousands digit of 2579?
2
What is the units digit of 1985?
5
What is the hundreds digit of 2733?
7
What is the hundreds digit of 261?
2
What is the units digit of 6483?
3
What is the tens digit of 68517?
1
What is the thousands digit of 1454?
1
What is the tens digit of 3665?
6
What is the units digit of 1891?
1
What is the thousands digit of 8878?
8
What is the hundreds digit of 378?
3
What is the ten thousands digit of 39023?
3
What is the tens digit of 13700?
0
What is the thousands digit of 1166?
1
What is the tens digit of 2212?
1
What is the tens digit of 6920?
2
What is the thousands digit of 1148?
1
What is the units digit of 2137?
7
What is the thousands digit of 9712?
9
What is the units digit of 57?
7
What is the hundreds digit of 3527?
5
What is the tens digit of 79?
7
What is the hundreds digit of 252?
2
What is the units digit of 16549?
9
What is the units digit of 11008?
8
What is the thousands digit of 8779?
8
What is the tens digit of 418?
1
What is the hundreds digit of 941?
9
What is the hundreds digit of 10748?
7
What is the tens digit of 144175?
7
What is the thousands digit o